 k(d) = d**3 + 10*d**2 - 3. Calculate k(-3).
60
Let w(h) = -h**2 - 20*h + 13. Determine w(-20).
13
Let y(q) = -3*q + 4. Give y(1).
1
Let l(g) = g**3 - 11*g**2 - 6*g + 12. Calculate l(11).
-54
Let k(g) = g**2 + 13*g - 6. Determine k(-5).
-46
Let d(o) = o**3 - 20*o**2 + 12*o - 29. Determine d(19).
-162
Let a(s) = -s**3 - 22*s**2 - s - 23. Determine a(-22).
-1
Let i(m) = m**3 + m**2 - 28*m - 2. Determine i(-6).
-14
Let k(c) = -c + 1. Calculate k(4).
-3
Let p(k) = -k**3 + 5*k**2 + 15*k - 59. Calculate p(5).
16
Let w(j) = -j**3 - 8*j**2 - 10*j + 7. What is w(-6)?
-5
Let p(s) = -s**2 + 12*s - 25. What is p(13)?
-38
Let p(o) = 15*o. Calculate p(1).
15
Let m(l) = 3*l - 11. What is m(4)?
1
Let i(y) = 4*y - 4. Determine i(-4).
-20
Let p(y) = y**2 - 5*y - 27. Calculate p(8).
-3
Let s(h) = -2*h**3 - 32*h**2 + 2*h + 35. Determine s(-16).
3
Let d(l) = 3*l**2 - 7*l - 1. Calculate d(6).
65
Let l(z) = -z + 6. Give l(-1).
7
Let d(x) = -3*x + 12. What is d(10)?
-18
Let w(o) = -14*o - 3. Calculate w(-1).
11
Let x(f) = f**3 - 39*f**2 + 39*f - 19. What is x(38)?
19
Let c(g) = -g**3 + 6*g**2 - 6*g + 6. Give c(5).
1
Let j(g) = g**3 + 11*g**2 + 19*g + 32. Calculate j(-9).
23
Let h(y) = 14*y - 1. What is h(-4)?
-57
Let n(u) = -13*u**2 + u + 1. Determine n(-1).
-13
Let k(p) = p**3 - 8*p**2 + 2*p - 1. Determine k(8).
15
Let p(f) = -f**2 - 10*f + 51. Calculate p(3).
12
Let c(j) = -4*j**2 - 64*j - 61. Calculate c(-15).
-1
Let p(k) = -k**3 - 5*k**2 + 2*k + 16. Determine p(-5).
6
Let w(r) = -2*r + 15. Determine w(-5).
25
Let k(h) = 2*h**2 + 4*h - 2. What is k(-6)?
46
Let z(d) = d**2 - 2*d - 1. Determine z(-2).
7
Let j(k) = -4*k - 9. What is j(-4)?
7
Let x(b) = -7*b + 39. Calculate x(6).
-3
Let s(g) = g**2 - 12*g - 1. Calculate s(7).
-36
Let m(b) = -11*b - 2. Calculate m(7).
-79
Let g(h) = -h**3 + 4*h**2 + 6*h + 3. Give g(5).
8
Let i(y) = y**3 - 21*y**2 + 104*y + 8. Give i(8).
8
Let o(x) = 2*x**2 + 36*x + 5. Calculate o(-19).
43
Let h(d) = 8*d + 14. Give h(-5).
-26
Let y(l) = l**3 + l**2 - l + 44. What is y(0)?
44
Let w(p) = 29*p**3 - p + 1. Give w(1).
29
Let t(m) = m + 26. Give t(0).
26
Let x(o) = o**3 + 10*o**2 + 2. What is x(-10)?
2
Let n(l) = 2*l**3 + 20*l**2 + l + 9. Give n(-10).
-1
Let y(m) = -2*m - 8. Give y(-7).
6
Let p(j) = 45*j - 1. Calculate p(1).
44
Let g(t) = 4*t - 58. Give g(14).
-2
Let i(y) = -3*y**3 - 4*y**2 + 2. Calculate i(-2).
10
Let h(t) = -t**3 + 5*t**2 - 2*t - 7. Determine h(3).
5
Let s(w) = 3*w - 37. Determine s(6).
-19
Let p(n) = -2*n - 15. Determine p(-16).
17
Let o(r) = -r**3 + 3*r**2 + 7*r - 5. What is o(5)?
-20
Let n(r) = 3*r**2 + r - 2. Determine n(1).
2
Let f(m) = 6*m + 24. Give f(-5).
-6
Let n(c) = c**3 - 8*c**2 + 8*c. Calculate n(7).
7
Let a(j) = -j**3 - 21*j**2 - 17*j + 62. Calculate a(-20).
2
Let w(n) = n**2 + 29*n - 37. Calculate w(-29).
-37
Let x(g) = -g**3 + 4*g**2 - 11. Determine x(5).
-36
Let i(v) = v - 8. Give i(10).
2
Let s(k) = -8*k + 3. Determine s(2).
-13
Let h(a) = -a - 19. Give h(-12).
-7
Let t(n) = 11*n - 6. Give t(4).
38
Let i(v) = v**2 - 20. What is i(0)?
-20
Let i(r) = -2*r + 1. Give i(12).
-23
Let y(g) = g**2 + 7*g + 5. What is y(-8)?
13
Let b(j) = -j**2 + 17*j + 41. Calculate b(17).
41
Let c(l) = l**2 + 23*l + 31. Give c(-23).
31
Let g(r) = r + 7. Determine g(-8).
-1
Let x(m) = -m**3 - 9*m**2 + 7*m - 1. Give x(-10).
29
Let b(c) = 6*c**3 - c**2 + 2*c - 1. Calculate b(1).
6
Let y(x) = 29*x + 471. Give y(-16).
7
Let h(p) = -p - 39. Calculate h(0).
-39
Let t(z) = z**3 - 3*z**2 - 26*z - 2. Calculate t(7).
12
Let n(b) = -b**3 + 4*b**2 + 3*b - 2. Give n(5).
-12
Let q(j) = j + 8. Calculate q(13).
21
Let s(u) = -u**3 - u - 4. Give s(-4).
64
Let c(i) = -3*i**2 + 25*i + 9. Give c(9).
-9
Let d(k) = -k + 12. Give d(4).
8
Let k(s) = s**2 + 10*s - 6. Determine k(-10).
-6
Let h(d) = 2*d - 2. Calculate h(-4).
-10
Let h(k) = 6*k**2 + 2*k. Determine h(1).
8
Let p(n) = -23*n - 166. Determine p(-7).
-5
Let w(l) = l**3 + 9*l**2 - 4*l - 8. What is w(-9)?
28
Let o(b) = -4*b + 4. What is o(3)?
-8
Let a(p) = -p - 4. Determine a(-27).
23
Let o(u) = 28*u + 225. Determine o(-8).
1
Let r(g) = 13*g + 36. Determine r(-3).
-3
Let x(r) = -11*r + 121. Give x(9).
22
Let i(p) = -4*p + 3. Calculate i(4).
-13
Let k(v) = -v**2 + 2*v + 5. Give k(6).
-19
Let t(a) = -a**3 + 29*a**2 + a - 6. What is t(29)?
23
Let p(k) = -k**3 - 6*k**2 - 4*k - 4. Give p(-5).
-9
Let j(b) = -12*b + 1. Give j(-2).
25
Let x(f) = -f**3 + 8*f**2 + 14*f - 10. Calculate x(9).
35
Let a(d) = 19*d. What is a(2)?
38
Let k(d) = -d**3 + 9*d**2 + 10*d + 2. Determine k(10).
2
Let y(x) = -x**3 + 7*x**2 + 19*x - 16. What is y(9)?
-7
Let x(d) = 2*d**3 + 36*d**2 - 38*d + 13. Determine x(-19).
13
Let c(t) = -2*t**3 - 2*t**2 - 3*t + 3. Give c(-3).
48
Let j(h) = 2*h - 1. Determine j(2).
3
Let h(p) = -4*p - 18. Calculate h(-12).
30
Let c(h) = -21*h - 148. Calculate c(-7).
-1
Let b(r) = -2*r**2 + 20*r - 11. Determine b(10).
-11
Let y(u) = u**2 + 9*u - 4. Give y(-9).
-4
Let y(f) = -6*f**3 - 4*f**2 + 4*f. What is y(2)?
-56
Let x(m) = -m**3 + 16*m**2 - 19*m + 44. Calculate x(15).
-16
Let s(w) = -75*w + 828. Determine s(11).
3
Let d(c) = -3*c**2 - 51*c + 57. Give d(-18).
3
Let q(x) = x**2 - x + 6. Give q(3).
12
Let l(t) = -3*t + 11. What is l(10)?
-19
Let m(f) = 3*f + 21. Calculate m(0).
21
Let b(c) = c**3 + 10*c**2 + 7*c + 8. Determine b(-10).
-62
Let g(i) = i**3 + 5*i**2 - 2*i + 7. Calculate g(-5).
17
Let c(g) = -25*g - 1. Calculate c(-1).
24
Let u(d) = -3*d + 5. What is u(6)?
-13
Let l(w) = w**3 + 4*w**2 - 7*w - 14. What is l(-5)?
-4
Let k(z) = -z**3 - 6*z**2 - 14*z - 4. Calculate k(-6).
80
Let g(q) = q**2 + 1. What is g(3)?
10
Let x(d) = -d**3 + 8*d**2 - 6*d - 1. Give x(7).
6
Let b(v) = v**3 - 2*v**2 + 7*v + 26. Determine b(0).
26
Let q(b) = 10*b - 147. Determine q(15).
3
Let p(f) = -4*f**3 + f**2 - f - 2. Calculate p(2).
-32
Let v(g) = 14*g - 198. Determine v(14).
-2
Let z(s) = -s - 36. Determine z(-19).
-17
Let m(a) = a**2 + 12*a + 11. Give m(-8).
-21
Let c(n) = n**2 - 11*n + 8. What is c(4)?
-20
Let q(o) = -o**2 + 3*o + 5. Give q(-6).
-49
Let k(z) = -28*z**2 + 14*z + 12. Calculate k(-1).
-30
Let o(b) = b**3 + 29*b**2 + 53*b - 17. Give o(-27).
10
Let l(z) = -z**3 + 10*z**2 - 13*z - 22. What is l(8)?
2
Let w(v) = v**2 + 21*v + 25. What is w(-19)?
-13
Let g(u) = -3*u**2 - 2. Give g(1).
-5
Let g(f) = f**2 + 39*f - 343. Determine g(-46).
-21
Let n(s) = -s**3 - 7*s**2 + 7*s + 3. Determine n(-8).
11
Let d(i) = i**3 - 10*i**2 - 6*i - 49. What is d(11)?
6
Let b(u) = 11*u + 140. Determine b(-13).
-3
Let p(x) = -2*x**2 - 4*x + 2. Calculate p(-4).
-14
Let c(i) = 5*i - 26. What is c(10)?
24
Let q(x) = -11*x + 2. Calculate q(3).
-31
Let f(d) = 14*d**3 - d**2 + 1. Determine f(1).
14
Let c(n) = -n**3 + 2*n + 3. Determine c(0).
3
Let l(c) = -c**3 + 22*c**2 + 25*c - 40. Calculate l(23).
6
Let p(t) = -2*t - 1. Determine p(-5).
9
Let u(l) = l**3 + 7*l**2 - 3*l - 5. Give u(-3).
40
Let q(u) = 2*u**3 - 3*u**2 - 2*u. What is q(0)?
0
Let v(y) = 9*y**2 - 263*y + 36. What is v(29)?
-22
Let j(v) = -6*v - 11. Determine j(-1).
-5
Let v(d) = 2*d**2 - d - 5. Determine v(-5).
50
Let b(y) = -4*y**2 + 21*y - 18. What is b(4)?
2
Let j(w) = w**3 - 22*w**2 + 43*w - 35. What is j(20)?
25
Let t(y) = -3*y**2 - 15*y - 9. Determine t(-6).
-27
Let n(u) = -u**3 + 2*u**2 - u + 12. Determine n(0).
12
Let g(l) = -2*l - 34. Give g(-14).
-6
Let r(d) = d**3 - 5*d**2 - 25*d + 73. Calculate r(7).
-4
Let m(y) = -y**3 - 14*y**2 - 14*y - 14. Calculate m(-13).
-1
Let w(p) = -159*p - 5. Give w(1).
-164
Let a(m) = -m**3 - 4*m**2 - 4*m - 2. Determine a(-3).
1
Let f(b) = -b**2 + 7*b - 1. Give f(8).
-9
Let m(h) = -26*h + 939. What is m(36)?
3
Let h(k) = -k + 60. Calculate h(0).
60
Let p(j) = -20*j + 1. Give p(2).
-39
Let q(g) = -g**2 - 24*g - 51. What is q(-22)?
-7
Let i(a) = a**2 + 3*a + 4. Calculate i(-3).
4
Let g(h) = -h + 15. Give g(12).
3
Let a(d) = 2*d**3 - 13*d**2 + 21*d. What is a(4)?
4
Let r(i) = -i**3 + 5*i**2 - 5*i + 4. What is r(4)?
0
Let h(w) = -w**2 + 5*w + 17. Determine h(7).
3
Let r(u) = -5*u + 55. Calculate r(12).
-5
Let d(c) = 2*c + 56. Give d(-27).
2
Let m(h) = -h**2 + 7*h - 9. Determine m(8).
-17
Let o(q) = q**3 - 34*q**2 - 33*q - 62. Determine o(35).
8
Let z(g) = -36*g - 1037. Give z(-29).
7
Let s(f) = -2*f - 26. Calculate s(-9).
-8
Let v(a) 